{"id":58113,"date":"2021-09-03T13:25:01","date_gmt":"2021-09-03T13:25:01","guid":{"rendered":"https:\/\/upgrade-q.tedbernhardtz.com\/atworkcollectionshop\/product\/product-14\/"},"modified":"2024-07-11T20:25:36","modified_gmt":"2024-07-11T20:25:36","slug":"kavaj-herr-adam-501105090","status":"publish","type":"product","link":"https:\/\/upgrade-q.tedbernhardtz.com\/atworkcollectionshop\/se\/produkt\/kavaj-herr-adam-501105090\/","title":{"rendered":"Kavaj herr Adam"},"content":{"rendered":"<p>Adam \u00e4r en slim fit kavaj i svart virgin ull Core med stretch fr\u00e5n Ted Bernhardtz At Work. Kavajen har en smal passform och en klassisk look med fin twillstruktur i tyget. Kavajen \u00e4r enkelkn\u00e4ppt med tv\u00e5 knappar framtill, har slits mitt bak, tv\u00e5 fickor med lock och en br\u00f6stficka framtill samt prickstickningar p\u00e5 krage, slag och kanter. Kavajen \u00e4r helfodrad med kontrastf\u00e4rgat \u00e4rmfoder i vitt med svart rand och har en arbetad insida med tre innerfickor samt pennficka.<\/p>\r\n<p>Matcha g\u00e4rna med byxan Alex slim fit Core f\u00f6r att f\u00e5 en hel kostym.<\/p>","protected":false},"excerpt":{"rendered":"Adam \u00e4r en slim fit kavaj i svart virgin ull Core med stretch fr\u00e5n Ted Bernhardtz At Work. Kavajen har en smal passform och en klassisk look med fin twillstruktur i tyget. Kavajen \u00e4r enkelkn\u00e4ppt med tv\u00e5 knappar framtill, har slits mitt bak, tv\u00e5 fickor med lock och en br\u00f6stficka framtill samt prickstickningar p\u00e5 krage,&#8230;","protected":false},"featured_media":58173,"template":"","meta":[],"product_cat":[3769,3987,3636,4203,3676,7034,3922],"product_tag":[],"acf":[],"lang":"se","translations":{"se":58113,"en":58112},"pll_sync_post":[],"_links":{"self":[{"href":"https:\/\/upgrade-q.tedbernhardtz.com\/atworkcollectionshop\/wp-json\/wp\/v2\/product\/58113"}],"collection":[{"href":"https:\/\/upgrade-q.tedbernhardtz.com\/atworkcollectionshop\/wp-json\/wp\/v2\/product"}],"about":[{"href":"https:\/\/upgrade-q.tedbernhardtz.com\/atworkcollectionshop\/wp-json\/wp\/v2\/types\/product"}],"wp:featuredmedia":[{"embeddable":true,"href":"https:\/\/upgrade-q.tedbernhardtz.com\/atworkcollectionshop\/wp-json\/wp\/v2\/media\/58173"}],"wp:attachment":[{"href":"https:\/\/upgrade-q.tedbernhardtz.com\/atworkcollectionshop\/wp-json\/wp\/v2\/media?parent=58113"}],"wp:term":[{"taxonomy":"product_cat","embeddable":true,"href":"https:\/\/upgrade-q.tedbernhardtz.com\/atworkcollectionshop\/wp-json\/wp\/v2\/product_cat?post=58113"},{"taxonomy":"product_tag","embeddable":true,"href":"https:\/\/upgrade-q.tedbernhardtz.com\/atworkcollectionshop\/wp-json\/wp\/v2\/product_tag?post=58113"}],"curies":[{"name":"wp","href":"https:\/\/api.w.org\/{rel}","templated":true}]}}