{"id":55290,"date":"2019-06-12T08:24:48","date_gmt":"2019-06-12T08:24:48","guid":{"rendered":"https:\/\/upgrade-q.tedbernhardtz.com\/atworkcollectionshop\/product\/product\/"},"modified":"2024-07-11T20:29:38","modified_gmt":"2024-07-11T20:29:38","slug":"vinter-parkas-dam-anja-501160190","status":"publish","type":"product","link":"https:\/\/upgrade-q.tedbernhardtz.com\/atworkcollectionshop\/se\/produkt\/vinter-parkas-dam-anja-501160190\/","title":{"rendered":"Vinter parkas dam Anja"},"content":{"rendered":"<p>Anja \u00e4r\u00a0en svart\u00a0vintervadderad parkas fr\u00e5n Ted Bernhardtz At Work. Parkasen har en normal passform i en funktionell design och har en justerbar midja. Parkasen har tejpade s\u00f6mmar och en Zelane finish som \u00e4r vatten, vind och smutsavvisande upp till 5000MM\/MVP. Parkasen\u00a0st\u00e4ngs med en\u00a0kraftig tv\u00e5-v\u00e4gs dragkedja och\u00a0en knappsl\u00e5 som\u00a0st\u00e4ngs med tryckknappar.\u00a0Parkasen har tv\u00e5 fickor framtill med vattenavvisande dragkedja som har kl\u00e4pp med reflex. Parkasen har en avtagbar luva som \u00e4r justerbar. Parkasen har tv\u00e5 stycken innerfickor upptill som st\u00e4ngs med dragkedja samt tv\u00e5 cargofickor nedtill varav den ena st\u00e4ngs med dragkedja och den andra med kardborre. Parkasen \u00e4r \u00f6ppningsbar nedtill i ryggen med en dragkedja f\u00f6r m\u00f6jlighet till f\u00f6r\u00e4dling. Parkasen har reflexer med magnetf\u00e4stning nedtill p\u00e5 varje sida.<\/p>","protected":false},"excerpt":{"rendered":"Anja \u00e4r\u00a0en svart\u00a0vintervadderad parkas fr\u00e5n Ted Bernhardtz At Work. Parkasen har en normal passform i en funktionell design och har en justerbar midja. Parkasen har tejpade s\u00f6mmar och en Zelane finish som \u00e4r vatten, vind och smutsavvisande upp till 5000MM\/MVP. Parkasen\u00a0st\u00e4ngs med en\u00a0kraftig tv\u00e5-v\u00e4gs dragkedja och\u00a0en knappsl\u00e5 som\u00a0st\u00e4ngs med tryckknappar.\u00a0Parkasen har tv\u00e5 fickor framtill med&#8230;","protected":false},"featured_media":56539,"template":"","meta":[],"product_cat":[30546,2635],"product_tag":[],"acf":[],"lang":"se","translations":{"se":55290,"en":51286},"pll_sync_post":[],"_links":{"self":[{"href":"https:\/\/upgrade-q.tedbernhardtz.com\/atworkcollectionshop\/wp-json\/wp\/v2\/product\/55290"}],"collection":[{"href":"https:\/\/upgrade-q.tedbernhardtz.com\/atworkcollectionshop\/wp-json\/wp\/v2\/product"}],"about":[{"href":"https:\/\/upgrade-q.tedbernhardtz.com\/atworkcollectionshop\/wp-json\/wp\/v2\/types\/product"}],"wp:featuredmedia":[{"embeddable":true,"href":"https:\/\/upgrade-q.tedbernhardtz.com\/atworkcollectionshop\/wp-json\/wp\/v2\/media\/56539"}],"wp:attachment":[{"href":"https:\/\/upgrade-q.tedbernhardtz.com\/atworkcollectionshop\/wp-json\/wp\/v2\/media?parent=55290"}],"wp:term":[{"taxonomy":"product_cat","embeddable":true,"href":"https:\/\/upgrade-q.tedbernhardtz.com\/atworkcollectionshop\/wp-json\/wp\/v2\/product_cat?post=55290"},{"taxonomy":"product_tag","embeddable":true,"href":"https:\/\/upgrade-q.tedbernhardtz.com\/atworkcollectionshop\/wp-json\/wp\/v2\/product_tag?post=55290"}],"curies":[{"name":"wp","href":"https:\/\/api.w.org\/{rel}","templated":true}]}}