{"id":55272,"date":"2019-06-12T08:24:45","date_gmt":"2019-06-12T08:24:45","guid":{"rendered":"https:\/\/upgrade-q.tedbernhardtz.com\/atworkcollectionshop\/product\/product\/"},"modified":"2024-07-11T20:29:35","modified_gmt":"2024-07-11T20:29:35","slug":"vinterparkas-herr-andre-501160090","status":"publish","type":"product","link":"https:\/\/upgrade-q.tedbernhardtz.com\/atworkcollectionshop\/se\/produkt\/vinterparkas-herr-andre-501160090\/","title":{"rendered":"Vinterparkas herr Andr\u00e9"},"content":{"rendered":"<p>Andr\u00e9 \u00e4r en svart vintervadderad parkas fr\u00e5n Ted Bernhardtz At Work. Parkasen har en normal passform i en funktionell design. Parkasen har tejpade s\u00f6mmar och en Zelanefinish som \u00e4r vatten, vind och smutsavvisande upp till 5000MM\/MVP. Parkasen st\u00e4ngs med en kraftig tv\u00e5-v\u00e4gs dragkedja och en knappsl\u00e5 som st\u00e4ngs med tryckknappar. Parkasen och har tre fickor framtill med vattenavvisande dragkedja som har kl\u00e4pp med reflex. Parkasen har en avtagbar luva som \u00e4r justerbar. Parkasen har tv\u00e5 stycken innerfickor upptill som st\u00e4ngs med dragkedja samt tv\u00e5 cargofickor nedtill varav den ena st\u00e4ngs med dragkedja och den andra med kardborre. Parkasen \u00e4r \u00f6ppningsbar nedtill i ryggen med en dragkedja f\u00f6r m\u00f6jlighet till f\u00f6r\u00e4dling. Parkasen har reflexer med magnetf\u00e4stning nedtill p\u00e5 varje sida.<\/p>","protected":false},"excerpt":{"rendered":"Andr\u00e9 \u00e4r en svart vintervadderad parkas fr\u00e5n Ted Bernhardtz At Work. Parkasen har en normal passform i en funktionell design. Parkasen har tejpade s\u00f6mmar och en Zelanefinish som \u00e4r vatten, vind och smutsavvisande upp till 5000MM\/MVP. Parkasen st\u00e4ngs med en kraftig tv\u00e5-v\u00e4gs dragkedja och en knappsl\u00e5 som st\u00e4ngs med tryckknappar. Parkasen och har tre fickor&#8230;","protected":false},"featured_media":56535,"template":"","meta":[],"product_cat":[30546,2635],"product_tag":[],"acf":[],"lang":"se","translations":{"se":55272,"en":51268},"pll_sync_post":[],"_links":{"self":[{"href":"https:\/\/upgrade-q.tedbernhardtz.com\/atworkcollectionshop\/wp-json\/wp\/v2\/product\/55272"}],"collection":[{"href":"https:\/\/upgrade-q.tedbernhardtz.com\/atworkcollectionshop\/wp-json\/wp\/v2\/product"}],"about":[{"href":"https:\/\/upgrade-q.tedbernhardtz.com\/atworkcollectionshop\/wp-json\/wp\/v2\/types\/product"}],"wp:featuredmedia":[{"embeddable":true,"href":"https:\/\/upgrade-q.tedbernhardtz.com\/atworkcollectionshop\/wp-json\/wp\/v2\/media\/56535"}],"wp:attachment":[{"href":"https:\/\/upgrade-q.tedbernhardtz.com\/atworkcollectionshop\/wp-json\/wp\/v2\/media?parent=55272"}],"wp:term":[{"taxonomy":"product_cat","embeddable":true,"href":"https:\/\/upgrade-q.tedbernhardtz.com\/atworkcollectionshop\/wp-json\/wp\/v2\/product_cat?post=55272"},{"taxonomy":"product_tag","embeddable":true,"href":"https:\/\/upgrade-q.tedbernhardtz.com\/atworkcollectionshop\/wp-json\/wp\/v2\/product_tag?post=55272"}],"curies":[{"name":"wp","href":"https:\/\/api.w.org\/{rel}","templated":true}]}}