{"id":54731,"date":"2019-06-12T08:22:12","date_gmt":"2019-06-12T08:22:12","guid":{"rendered":"https:\/\/upgrade-q.tedbernhardtz.com\/atworkcollectionshop\/product\/product\/"},"modified":"2024-07-11T20:24:18","modified_gmt":"2024-07-11T20:24:18","slug":"kjol-marina-501101220","status":"publish","type":"product","link":"https:\/\/upgrade-q.tedbernhardtz.com\/atworkcollectionshop\/se\/produkt\/kjol-marina-501101220\/","title":{"rendered":"Kjol Marina"},"content":{"rendered":"<p>Marina \u00e4r en regular fit kjol i marinbl\u00e5 ullmix Comfort med stretch som kan maskintv\u00e4ttas, fr\u00e5n Ted Bernhardtz At Work. Kjolen har en normal passform och klassisk look med twillstruktur i tyget. Kjolen har motveck fram och slits mitt bak, en kurvad midja med b\u00e4ltesh\u00e4llor, en D-ring p\u00e5 h\u00f6ger sida och L-formade passpoalfickor framtill. Kjolen \u00e4r helfodrad i kn\u00e4l\u00e4ngd och har en dold dragkedja och knapp i h\u00f6ger sids\u00f6m.<\/p>\r\n<p>B\u00e4r kjolen f\u00f6r sig sj\u00e4lv eller matcha med damkavajerna Estelle slim fit Comfort eller Nicole regular fit Comfort f\u00f6r en komplett kostym.<\/p>","protected":false},"excerpt":{"rendered":"Marina \u00e4r en regular fit kjol i marinbl\u00e5 ullmix Comfort med stretch som kan maskintv\u00e4ttas, fr\u00e5n Ted Bernhardtz At Work. Kjolen har en normal passform och klassisk look med twillstruktur i tyget. Kjolen har motveck fram och slits mitt bak, en kurvad midja med b\u00e4ltesh\u00e4llor, en D-ring p\u00e5 h\u00f6ger sida och L-formade passpoalfickor framtill. Kjolen&#8230;","protected":false},"featured_media":56470,"template":"","meta":[],"product_cat":[3769,5012,3829,3869],"product_tag":[],"acf":[],"lang":"se","translations":{"se":54731,"en":49551},"pll_sync_post":[],"_links":{"self":[{"href":"https:\/\/upgrade-q.tedbernhardtz.com\/atworkcollectionshop\/wp-json\/wp\/v2\/product\/54731"}],"collection":[{"href":"https:\/\/upgrade-q.tedbernhardtz.com\/atworkcollectionshop\/wp-json\/wp\/v2\/product"}],"about":[{"href":"https:\/\/upgrade-q.tedbernhardtz.com\/atworkcollectionshop\/wp-json\/wp\/v2\/types\/product"}],"wp:featuredmedia":[{"embeddable":true,"href":"https:\/\/upgrade-q.tedbernhardtz.com\/atworkcollectionshop\/wp-json\/wp\/v2\/media\/56470"}],"wp:attachment":[{"href":"https:\/\/upgrade-q.tedbernhardtz.com\/atworkcollectionshop\/wp-json\/wp\/v2\/media?parent=54731"}],"wp:term":[{"taxonomy":"product_cat","embeddable":true,"href":"https:\/\/upgrade-q.tedbernhardtz.com\/atworkcollectionshop\/wp-json\/wp\/v2\/product_cat?post=54731"},{"taxonomy":"product_tag","embeddable":true,"href":"https:\/\/upgrade-q.tedbernhardtz.com\/atworkcollectionshop\/wp-json\/wp\/v2\/product_tag?post=54731"}],"curies":[{"name":"wp","href":"https:\/\/api.w.org\/{rel}","templated":true}]}}