{"id":53919,"date":"2019-04-30T10:03:35","date_gmt":"2019-04-30T10:03:35","guid":{"rendered":"https:\/\/upgrade-q.tedbernhardtz.com\/atworkcollectionshop\/?post_type=product&#038;p=53919"},"modified":"2024-07-04T14:00:04","modified_gmt":"2024-07-04T14:00:04","slug":"gravidskjorta-sofie-lang-arm-101101200","status":"publish","type":"product","link":"https:\/\/upgrade-q.tedbernhardtz.com\/atworkcollectionshop\/se\/produkt\/gravidskjorta-sofie-lang-arm-101101200\/","title":{"rendered":"Gravidskjorta Sofie, l\u00e5ng \u00e4rm"},"content":{"rendered":"<p>Sofie \u00e4r en l\u00e5ng\u00e4rmad gravidskjorta i vit bomull\/polyesterblandning fr\u00e5n Ted Bernhardtz At Work. Skjortan har en normal passform i en l\u00e4ttstruken poplinkvalit\u00e9. Skjortan har en klassisk spetsig krage, manschetter med tv\u00e5 knappar och \u00e4r n\u00e5got l\u00e4ngre framtill. Skjortan har tv\u00e5 br\u00f6stfickor med veck under, ett ok med motveck bak och band i sidorna att knyta bak f\u00f6r b\u00e4ttre form och komfort.<\/p>\r\n<p>B\u00e4r tillsammans med gravidbyxa Lara f\u00f6r en komplett look.<\/p>","protected":false},"excerpt":{"rendered":"Sofie \u00e4r en l\u00e5ng\u00e4rmad gravidskjorta i vit bomull\/polyesterblandning fr\u00e5n Ted Bernhardtz At Work. Skjortan har en normal passform i en l\u00e4ttstruken poplinkvalit\u00e9. Skjortan har en klassisk spetsig krage, manschetter med tv\u00e5 knappar och \u00e4r n\u00e5got l\u00e4ngre framtill. Skjortan har tv\u00e5 br\u00f6stfickor med veck under, ett ok med motveck bak och band i sidorna att knyta&#8230;","protected":false},"featured_media":53946,"template":"","meta":[],"product_cat":[2661,2674,7043,6506,6989,6995],"product_tag":[],"acf":[],"lang":"se","translations":{"se":53919,"en":48207},"pll_sync_post":[],"_links":{"self":[{"href":"https:\/\/upgrade-q.tedbernhardtz.com\/atworkcollectionshop\/wp-json\/wp\/v2\/product\/53919"}],"collection":[{"href":"https:\/\/upgrade-q.tedbernhardtz.com\/atworkcollectionshop\/wp-json\/wp\/v2\/product"}],"about":[{"href":"https:\/\/upgrade-q.tedbernhardtz.com\/atworkcollectionshop\/wp-json\/wp\/v2\/types\/product"}],"wp:featuredmedia":[{"embeddable":true,"href":"https:\/\/upgrade-q.tedbernhardtz.com\/atworkcollectionshop\/wp-json\/wp\/v2\/media\/53946"}],"wp:attachment":[{"href":"https:\/\/upgrade-q.tedbernhardtz.com\/atworkcollectionshop\/wp-json\/wp\/v2\/media?parent=53919"}],"wp:term":[{"taxonomy":"product_cat","embeddable":true,"href":"https:\/\/upgrade-q.tedbernhardtz.com\/atworkcollectionshop\/wp-json\/wp\/v2\/product_cat?post=53919"},{"taxonomy":"product_tag","embeddable":true,"href":"https:\/\/upgrade-q.tedbernhardtz.com\/atworkcollectionshop\/wp-json\/wp\/v2\/product_tag?post=53919"}],"curies":[{"name":"wp","href":"https:\/\/api.w.org\/{rel}","templated":true}]}}