{"id":52399,"date":"2019-04-30T09:49:17","date_gmt":"2019-04-30T09:49:17","guid":{"rendered":"https:\/\/upgrade-q.tedbernhardtz.com\/atworkcollectionshop\/?post_type=product&#038;p=52399"},"modified":"2024-07-11T20:23:25","modified_gmt":"2024-07-11T20:23:25","slug":"vast-herr-eric-501100520","status":"publish","type":"product","link":"https:\/\/upgrade-q.tedbernhardtz.com\/atworkcollectionshop\/se\/produkt\/vast-herr-eric-501100520\/","title":{"rendered":"V\u00e4st herr Eric"},"content":{"rendered":"<p>Eric \u00e4r en slim fit v\u00e4st i marinbl\u00e5 ullmix Comfort med stretch som kan maskintv\u00e4ttas, fr\u00e5n Ted Bernhardtz At Work. V\u00e4sten har en smal passform och klassisk look med twillstruktur i tyget. V\u00e4sten \u00e4r enkelkn\u00e4ppt med fem knappar framtill, har justerbar rygg i yttertyg, sidoslits och tv\u00e5 passpoalfickor framtill och en br\u00f6stficka. V\u00e4sten har en helfodrad insida och tre innefickor.<\/p>","protected":false},"excerpt":{"rendered":"Eric \u00e4r en slim fit v\u00e4st i marinbl\u00e5 ullmix Comfort med stretch som kan maskintv\u00e4ttas, fr\u00e5n Ted Bernhardtz At Work. V\u00e4sten har en smal passform och klassisk look med twillstruktur i tyget. V\u00e4sten \u00e4r enkelkn\u00e4ppt med fem knappar framtill, har justerbar rygg i yttertyg, sidoslits och tv\u00e5 passpoalfickor framtill och en br\u00f6stficka. V\u00e4sten har en&#8230;","protected":false},"featured_media":56466,"template":"","meta":[],"product_cat":[3769,5012,4100,4119],"product_tag":[],"acf":[],"lang":"se","translations":{"se":52399,"en":49139},"pll_sync_post":[],"_links":{"self":[{"href":"https:\/\/upgrade-q.tedbernhardtz.com\/atworkcollectionshop\/wp-json\/wp\/v2\/product\/52399"}],"collection":[{"href":"https:\/\/upgrade-q.tedbernhardtz.com\/atworkcollectionshop\/wp-json\/wp\/v2\/product"}],"about":[{"href":"https:\/\/upgrade-q.tedbernhardtz.com\/atworkcollectionshop\/wp-json\/wp\/v2\/types\/product"}],"wp:featuredmedia":[{"embeddable":true,"href":"https:\/\/upgrade-q.tedbernhardtz.com\/atworkcollectionshop\/wp-json\/wp\/v2\/media\/56466"}],"wp:attachment":[{"href":"https:\/\/upgrade-q.tedbernhardtz.com\/atworkcollectionshop\/wp-json\/wp\/v2\/media?parent=52399"}],"wp:term":[{"taxonomy":"product_cat","embeddable":true,"href":"https:\/\/upgrade-q.tedbernhardtz.com\/atworkcollectionshop\/wp-json\/wp\/v2\/product_cat?post=52399"},{"taxonomy":"product_tag","embeddable":true,"href":"https:\/\/upgrade-q.tedbernhardtz.com\/atworkcollectionshop\/wp-json\/wp\/v2\/product_tag?post=52399"}],"curies":[{"name":"wp","href":"https:\/\/api.w.org\/{rel}","templated":true}]}}