{"id":52387,"date":"2019-04-30T09:49:04","date_gmt":"2019-04-30T09:49:04","guid":{"rendered":"https:\/\/upgrade-q.tedbernhardtz.com\/atworkcollectionshop\/?post_type=product&#038;p=52387"},"modified":"2024-07-11T20:23:31","modified_gmt":"2024-07-11T20:23:31","slug":"vast-herr-peter-501100620","status":"publish","type":"product","link":"https:\/\/upgrade-q.tedbernhardtz.com\/atworkcollectionshop\/se\/produkt\/vast-herr-peter-501100620\/","title":{"rendered":"V\u00e4st herr Peter"},"content":{"rendered":"<p>Peter \u00e4r en regular fit v\u00e4st i marinbl\u00e5 ullmix Comfort med stretch som kan maskintv\u00e4ttas, fr\u00e5n Ted Bernhardtz At Work. V\u00e4sten har en normal passform och klassisk look med twillstruktur i tyget. V\u00e4sten \u00e4r enkelkn\u00e4ppt med fem knappar framtill, har en justerbar rygg i yttertyg och tv\u00e5 passpoalfickor framtill och en br\u00f6stficka. V\u00e4sten \u00e4r fodrad framtill med tv\u00e5 innerfickor men ofodrad baktill.<\/p>","protected":false},"excerpt":{"rendered":"Peter \u00e4r en regular fit v\u00e4st i marinbl\u00e5 ullmix Comfort med stretch som kan maskintv\u00e4ttas, fr\u00e5n Ted Bernhardtz At Work. V\u00e4sten har en normal passform och klassisk look med twillstruktur i tyget. V\u00e4sten \u00e4r enkelkn\u00e4ppt med fem knappar framtill, har en justerbar rygg i yttertyg och tv\u00e5 passpoalfickor framtill och en br\u00f6stficka. V\u00e4sten \u00e4r fodrad&#8230;","protected":false},"featured_media":53144,"template":"","meta":[],"product_cat":[3769,5012,4100,4119],"product_tag":[],"acf":[],"lang":"se","translations":{"se":52387,"en":49184},"pll_sync_post":[],"_links":{"self":[{"href":"https:\/\/upgrade-q.tedbernhardtz.com\/atworkcollectionshop\/wp-json\/wp\/v2\/product\/52387"}],"collection":[{"href":"https:\/\/upgrade-q.tedbernhardtz.com\/atworkcollectionshop\/wp-json\/wp\/v2\/product"}],"about":[{"href":"https:\/\/upgrade-q.tedbernhardtz.com\/atworkcollectionshop\/wp-json\/wp\/v2\/types\/product"}],"wp:featuredmedia":[{"embeddable":true,"href":"https:\/\/upgrade-q.tedbernhardtz.com\/atworkcollectionshop\/wp-json\/wp\/v2\/media\/53144"}],"wp:attachment":[{"href":"https:\/\/upgrade-q.tedbernhardtz.com\/atworkcollectionshop\/wp-json\/wp\/v2\/media?parent=52387"}],"wp:term":[{"taxonomy":"product_cat","embeddable":true,"href":"https:\/\/upgrade-q.tedbernhardtz.com\/atworkcollectionshop\/wp-json\/wp\/v2\/product_cat?post=52387"},{"taxonomy":"product_tag","embeddable":true,"href":"https:\/\/upgrade-q.tedbernhardtz.com\/atworkcollectionshop\/wp-json\/wp\/v2\/product_tag?post=52387"}],"curies":[{"name":"wp","href":"https:\/\/api.w.org\/{rel}","templated":true}]}}