{"id":51769,"date":"2019-04-30T09:33:01","date_gmt":"2019-04-30T09:33:01","guid":{"rendered":"https:\/\/upgrade-q.tedbernhardtz.com\/atworkcollectionshop\/?post_type=product&#038;p=51769"},"modified":"2024-07-11T20:26:32","modified_gmt":"2024-07-11T20:26:32","slug":"kjol-laura-501105990","status":"publish","type":"product","link":"https:\/\/upgrade-q.tedbernhardtz.com\/atworkcollectionshop\/se\/produkt\/kjol-laura-501105990\/","title":{"rendered":"Kjol Laura"},"content":{"rendered":"<p>Laura \u00e4r en slim fit kjol i svart virgin ull Core med stretch som kan maskintv\u00e4ttas, fr\u00e5n Ted Bernhardtz At Work. Kjolen \u00e4r pennformad, har en smal passform och klassisk look med tunn twillstruktur i tyget. Kjolen har en fast linning med dold dragkedja och hyska och hake bak. Kjolen \u00e4r helfodrad med slits mitt bak och slutar strax ovanf\u00f6r kn\u00e4t.<\/p>\r\n<p>B\u00e4r kjolen f\u00f6r sig sj\u00e4lv eller matcha med damkavaj Estelle slim fit Core en komplett kostym.<\/p>","protected":false},"excerpt":{"rendered":"Laura \u00e4r en slim fit kjol i svart virgin ull Core med stretch som kan maskintv\u00e4ttas, fr\u00e5n Ted Bernhardtz At Work. Kjolen \u00e4r pennformad, har en smal passform och klassisk look med tunn twillstruktur i tyget. Kjolen har en fast linning med dold dragkedja och hyska och hake bak. Kjolen \u00e4r helfodrad med slits mitt&#8230;","protected":false},"featured_media":56490,"template":"","meta":[],"product_cat":[3769,3987,3829,3869],"product_tag":[],"acf":[],"lang":"se","translations":{"se":51769,"en":50297},"pll_sync_post":[],"_links":{"self":[{"href":"https:\/\/upgrade-q.tedbernhardtz.com\/atworkcollectionshop\/wp-json\/wp\/v2\/product\/51769"}],"collection":[{"href":"https:\/\/upgrade-q.tedbernhardtz.com\/atworkcollectionshop\/wp-json\/wp\/v2\/product"}],"about":[{"href":"https:\/\/upgrade-q.tedbernhardtz.com\/atworkcollectionshop\/wp-json\/wp\/v2\/types\/product"}],"wp:featuredmedia":[{"embeddable":true,"href":"https:\/\/upgrade-q.tedbernhardtz.com\/atworkcollectionshop\/wp-json\/wp\/v2\/media\/56490"}],"wp:attachment":[{"href":"https:\/\/upgrade-q.tedbernhardtz.com\/atworkcollectionshop\/wp-json\/wp\/v2\/media?parent=51769"}],"wp:term":[{"taxonomy":"product_cat","embeddable":true,"href":"https:\/\/upgrade-q.tedbernhardtz.com\/atworkcollectionshop\/wp-json\/wp\/v2\/product_cat?post=51769"},{"taxonomy":"product_tag","embeddable":true,"href":"https:\/\/upgrade-q.tedbernhardtz.com\/atworkcollectionshop\/wp-json\/wp\/v2\/product_tag?post=51769"}],"curies":[{"name":"wp","href":"https:\/\/api.w.org\/{rel}","templated":true}]}}