{"id":51762,"date":"2019-04-30T09:32:44","date_gmt":"2019-04-30T09:32:44","guid":{"rendered":"https:\/\/upgrade-q.tedbernhardtz.com\/atworkcollectionshop\/?post_type=product&#038;p=51762"},"modified":"2024-07-11T20:26:35","modified_gmt":"2024-07-11T20:26:35","slug":"vast-dam-edit-501106078","status":"publish","type":"product","link":"https:\/\/upgrade-q.tedbernhardtz.com\/atworkcollectionshop\/se\/produkt\/vast-dam-edit-501106078\/","title":{"rendered":"V\u00e4st dam Edit"},"content":{"rendered":"<p>Edit \u00e4r en slim fit v\u00e4st i gr\u00e5 virgin ull Core med stretch som kan maskintv\u00e4ttas, fr\u00e5n Ted Bernhardtz At Work. V\u00e4sten har en smal passform och klassisk look i ett tyg med fin twillstruktur. V\u00e4sten \u00e4r enkelkn\u00e4ppt med fem knappar framtill, har rygg i yttertyg justerbar med sp\u00e4nne, sidoslits och tv\u00e5 passpoalfickor samt br\u00f6stficka framtill. V\u00e4sten har prickstickning p\u00e5 kanterna, \u00e4r helfodrad med tv\u00e5 innerfickor.<\/p>\r\n<p>&nbsp;<\/p>\r\n<p>&nbsp;<\/p>","protected":false},"excerpt":{"rendered":"Edit \u00e4r en slim fit v\u00e4st i gr\u00e5 virgin ull Core med stretch som kan maskintv\u00e4ttas, fr\u00e5n Ted Bernhardtz At Work. V\u00e4sten har en smal passform och klassisk look i ett tyg med fin twillstruktur. V\u00e4sten \u00e4r enkelkn\u00e4ppt med fem knappar framtill, har rygg i yttertyg justerbar med sp\u00e4nne, sidoslits och tv\u00e5 passpoalfickor samt br\u00f6stficka&#8230;","protected":false},"featured_media":56495,"template":"","meta":[],"product_cat":[3769,3987,4100,4119],"product_tag":[],"acf":[],"lang":"se","translations":{"se":51762,"en":50327},"pll_sync_post":[],"_links":{"self":[{"href":"https:\/\/upgrade-q.tedbernhardtz.com\/atworkcollectionshop\/wp-json\/wp\/v2\/product\/51762"}],"collection":[{"href":"https:\/\/upgrade-q.tedbernhardtz.com\/atworkcollectionshop\/wp-json\/wp\/v2\/product"}],"about":[{"href":"https:\/\/upgrade-q.tedbernhardtz.com\/atworkcollectionshop\/wp-json\/wp\/v2\/types\/product"}],"wp:featuredmedia":[{"embeddable":true,"href":"https:\/\/upgrade-q.tedbernhardtz.com\/atworkcollectionshop\/wp-json\/wp\/v2\/media\/56495"}],"wp:attachment":[{"href":"https:\/\/upgrade-q.tedbernhardtz.com\/atworkcollectionshop\/wp-json\/wp\/v2\/media?parent=51762"}],"wp:term":[{"taxonomy":"product_cat","embeddable":true,"href":"https:\/\/upgrade-q.tedbernhardtz.com\/atworkcollectionshop\/wp-json\/wp\/v2\/product_cat?post=51762"},{"taxonomy":"product_tag","embeddable":true,"href":"https:\/\/upgrade-q.tedbernhardtz.com\/atworkcollectionshop\/wp-json\/wp\/v2\/product_tag?post=51762"}],"curies":[{"name":"wp","href":"https:\/\/api.w.org\/{rel}","templated":true}]}}