{"id":51727,"date":"2019-04-30T09:31:32","date_gmt":"2019-04-30T09:31:32","guid":{"rendered":"https:\/\/upgrade-q.tedbernhardtz.com\/atworkcollectionshop\/?post_type=product&#038;p=51727"},"modified":"2024-07-11T20:26:50","modified_gmt":"2024-07-11T20:26:50","slug":"byxa-dam-klara-501110320","status":"publish","type":"product","link":"https:\/\/upgrade-q.tedbernhardtz.com\/atworkcollectionshop\/se\/produkt\/byxa-dam-klara-501110320\/","title":{"rendered":"Byxa dam Klara- KAMPANJ"},"content":{"rendered":"<p>Klara \u00e4r en slim fit byxa i marinbl\u00e5 100% virgin ull Supreme fr\u00e5n Ted Bernhardtz At Work. Byxan har en smal passform och klassisk look i melange med svarta inslag i v\u00e4ven. Byxan har tv\u00e5 sidofickor fram, tv\u00e5 passpoalfickor bak och kn\u00e4foder framtill. Byxans linning \u00e4r delad mitt bak f\u00f6r att underl\u00e4tta justering av midjan.<\/p>\r\n<p>Matcha med kavaj Estelle slim fit Supreme om du \u00f6nskar en komplett kostym.<\/p>","protected":false},"excerpt":{"rendered":"Klara \u00e4r en slim fit byxa i marinbl\u00e5 100% virgin ull Supreme fr\u00e5n Ted Bernhardtz At Work. Byxan har en smal passform och klassisk look i melange med svarta inslag i v\u00e4ven. Byxan har tv\u00e5 sidofickor fram, tv\u00e5 passpoalfickor bak och kn\u00e4foder framtill. Byxans linning \u00e4r delad mitt bak f\u00f6r att underl\u00e4tta justering av midjan&#8230;.","protected":false},"featured_media":52082,"template":"","meta":[],"product_cat":[3769,3871,3870,3896,3912],"product_tag":[],"acf":[],"lang":"se","translations":{"se":51727,"en":50507},"pll_sync_post":[],"_links":{"self":[{"href":"https:\/\/upgrade-q.tedbernhardtz.com\/atworkcollectionshop\/wp-json\/wp\/v2\/product\/51727"}],"collection":[{"href":"https:\/\/upgrade-q.tedbernhardtz.com\/atworkcollectionshop\/wp-json\/wp\/v2\/product"}],"about":[{"href":"https:\/\/upgrade-q.tedbernhardtz.com\/atworkcollectionshop\/wp-json\/wp\/v2\/types\/product"}],"wp:featuredmedia":[{"embeddable":true,"href":"https:\/\/upgrade-q.tedbernhardtz.com\/atworkcollectionshop\/wp-json\/wp\/v2\/media\/52082"}],"wp:attachment":[{"href":"https:\/\/upgrade-q.tedbernhardtz.com\/atworkcollectionshop\/wp-json\/wp\/v2\/media?parent=51727"}],"wp:term":[{"taxonomy":"product_cat","embeddable":true,"href":"https:\/\/upgrade-q.tedbernhardtz.com\/atworkcollectionshop\/wp-json\/wp\/v2\/product_cat?post=51727"},{"taxonomy":"product_tag","embeddable":true,"href":"https:\/\/upgrade-q.tedbernhardtz.com\/atworkcollectionshop\/wp-json\/wp\/v2\/product_tag?post=51727"}],"curies":[{"name":"wp","href":"https:\/\/api.w.org\/{rel}","templated":true}]}}