{"id":51645,"date":"2019-04-30T09:30:02","date_gmt":"2019-04-30T09:30:02","guid":{"rendered":"https:\/\/upgrade-q.tedbernhardtz.com\/atworkcollectionshop\/?post_type=product&#038;p=51645"},"modified":"2024-07-11T20:27:10","modified_gmt":"2024-07-11T20:27:10","slug":"skjorta-herr-jens-lang-arm-501120400","status":"publish","type":"product","link":"https:\/\/upgrade-q.tedbernhardtz.com\/atworkcollectionshop\/se\/produkt\/skjorta-herr-jens-lang-arm-501120400\/","title":{"rendered":"Skjorta herr Jens, l\u00e5ng \u00e4rm"},"content":{"rendered":"<p>Jens \u00e4r en l\u00e5ng\u00e4rmad skjorta i vit bomullstwill med easy-care behandling fr\u00e5n Ted Bernhardtz At Work. Skjortan har en normal passform och dressad look i en fin twill med dubbeltvinnade garner i 100% bomull. Skjortan har en modern cut-away krage, vikt knappsl\u00e5 framtill och \u00e4r runt skuren nertill. Skjortan har en br\u00f6stficka p\u00e5 v\u00e4nster sida och manschetter med tv\u00e5 knappar samt ett extra knapph\u00e5l f\u00f6r manschettknapp.<\/p>","protected":false},"excerpt":{"rendered":"Jens \u00e4r en l\u00e5ng\u00e4rmad skjorta i vit bomullstwill med easy-care behandling fr\u00e5n Ted Bernhardtz At Work. Skjortan har en normal passform och dressad look i en fin twill med dubbeltvinnade garner i 100% bomull. Skjortan har en modern cut-away krage, vikt knappsl\u00e5 framtill och \u00e4r runt skuren nertill. Skjortan har en br\u00f6stficka p\u00e5 v\u00e4nster sida&#8230;","protected":false},"featured_media":66574,"template":"","meta":[],"product_cat":[2661,2674,2687],"product_tag":[],"acf":[],"lang":"se","translations":{"se":51645,"en":50657},"pll_sync_post":[],"_links":{"self":[{"href":"https:\/\/upgrade-q.tedbernhardtz.com\/atworkcollectionshop\/wp-json\/wp\/v2\/product\/51645"}],"collection":[{"href":"https:\/\/upgrade-q.tedbernhardtz.com\/atworkcollectionshop\/wp-json\/wp\/v2\/product"}],"about":[{"href":"https:\/\/upgrade-q.tedbernhardtz.com\/atworkcollectionshop\/wp-json\/wp\/v2\/types\/product"}],"wp:featuredmedia":[{"embeddable":true,"href":"https:\/\/upgrade-q.tedbernhardtz.com\/atworkcollectionshop\/wp-json\/wp\/v2\/media\/66574"}],"wp:attachment":[{"href":"https:\/\/upgrade-q.tedbernhardtz.com\/atworkcollectionshop\/wp-json\/wp\/v2\/media?parent=51645"}],"wp:term":[{"taxonomy":"product_cat","embeddable":true,"href":"https:\/\/upgrade-q.tedbernhardtz.com\/atworkcollectionshop\/wp-json\/wp\/v2\/product_cat?post=51645"},{"taxonomy":"product_tag","embeddable":true,"href":"https:\/\/upgrade-q.tedbernhardtz.com\/atworkcollectionshop\/wp-json\/wp\/v2\/product_tag?post=51645"}],"curies":[{"name":"wp","href":"https:\/\/api.w.org\/{rel}","templated":true}]}}