{"id":51642,"date":"2019-04-30T09:29:49","date_gmt":"2019-04-30T09:29:49","guid":{"rendered":"https:\/\/upgrade-q.tedbernhardtz.com\/atworkcollectionshop\/?post_type=product&#038;p=51642"},"modified":"2024-07-11T20:27:16","modified_gmt":"2024-07-11T20:27:16","slug":"pilotskjorta-herr-jens-lang-arm-501120600","status":"publish","type":"product","link":"https:\/\/upgrade-q.tedbernhardtz.com\/atworkcollectionshop\/se\/produkt\/pilotskjorta-herr-jens-lang-arm-501120600\/","title":{"rendered":"Pilotskjorta herr Jens, l\u00e5ng \u00e4rm"},"content":{"rendered":"<p>Jens \u00e4r en l\u00e5ng\u00e4rmad pilotskjorta i vit bomullstwill med easy-care behandling fr\u00e5n Ted Bernhardtz At Work. Skjortan har en normal passform och dressad look i en fin twill med dubbeltvinnade garner i 100% bomull. Skjortan har en modern cut-away krage, axelklaffar, synlig knappsl\u00e5 framtill och \u00e4r runt skuren nertill. Skjortan har tv\u00e5 br\u00f6stfickor med lock varav en med pennficka p\u00e5 v\u00e4nster sida och manschetter med tv\u00e5 knappar. Manschett med tv\u00e5 knappar med ett extra knapph\u00e5l f\u00f6r manschettknapp.<\/p>","protected":false},"excerpt":{"rendered":"Jens \u00e4r en l\u00e5ng\u00e4rmad pilotskjorta i vit bomullstwill med easy-care behandling fr\u00e5n Ted Bernhardtz At Work. Skjortan har en normal passform och dressad look i en fin twill med dubbeltvinnade garner i 100% bomull. Skjortan har en modern cut-away krage, axelklaffar, synlig knappsl\u00e5 framtill och \u00e4r runt skuren nertill. Skjortan har tv\u00e5 br\u00f6stfickor med lock&#8230;","protected":false},"featured_media":51970,"template":"","meta":[],"product_cat":[2661,2674,3219,2687],"product_tag":[],"acf":[],"lang":"se","translations":{"se":51642,"en":50697},"pll_sync_post":[],"_links":{"self":[{"href":"https:\/\/upgrade-q.tedbernhardtz.com\/atworkcollectionshop\/wp-json\/wp\/v2\/product\/51642"}],"collection":[{"href":"https:\/\/upgrade-q.tedbernhardtz.com\/atworkcollectionshop\/wp-json\/wp\/v2\/product"}],"about":[{"href":"https:\/\/upgrade-q.tedbernhardtz.com\/atworkcollectionshop\/wp-json\/wp\/v2\/types\/product"}],"wp:featuredmedia":[{"embeddable":true,"href":"https:\/\/upgrade-q.tedbernhardtz.com\/atworkcollectionshop\/wp-json\/wp\/v2\/media\/51970"}],"wp:attachment":[{"href":"https:\/\/upgrade-q.tedbernhardtz.com\/atworkcollectionshop\/wp-json\/wp\/v2\/media?parent=51642"}],"wp:term":[{"taxonomy":"product_cat","embeddable":true,"href":"https:\/\/upgrade-q.tedbernhardtz.com\/atworkcollectionshop\/wp-json\/wp\/v2\/product_cat?post=51642"},{"taxonomy":"product_tag","embeddable":true,"href":"https:\/\/upgrade-q.tedbernhardtz.com\/atworkcollectionshop\/wp-json\/wp\/v2\/product_tag?post=51642"}],"curies":[{"name":"wp","href":"https:\/\/api.w.org\/{rel}","templated":true}]}}