{"id":51579,"date":"2019-04-30T09:28:40","date_gmt":"2019-04-30T09:28:40","guid":{"rendered":"https:\/\/upgrade-q.tedbernhardtz.com\/atworkcollectionshop\/?post_type=product&#038;p=51579"},"modified":"2024-07-11T20:27:33","modified_gmt":"2024-07-11T20:27:33","slug":"skjorta-dam-frida-lang-arm-501121310","status":"publish","type":"product","link":"https:\/\/upgrade-q.tedbernhardtz.com\/atworkcollectionshop\/se\/produkt\/skjorta-dam-frida-lang-arm-501121310\/","title":{"rendered":"Skjorta dam Frida, l\u00e5ng \u00e4rm"},"content":{"rendered":"<p>Frida \u00e4r en l\u00e5ng\u00e4rmad skjorta i ljusbl\u00e5 bomullstwill med easy-care behandling fr\u00e5n Ted Bernhardtz At Work. Skjortan har en normal passform och dressad look i en fin twill med dubbeltvinnade garner i 100% bomull. Skjortan har en modern spetsig krage, vikt knappsl\u00e5 framtill, manschetter med tv\u00e5 knappar och \u00e4r runt skuren nertill.<\/p>","protected":false},"excerpt":{"rendered":"Frida \u00e4r en l\u00e5ng\u00e4rmad skjorta i ljusbl\u00e5 bomullstwill med easy-care behandling fr\u00e5n Ted Bernhardtz At Work. Skjortan har en normal passform och dressad look i en fin twill med dubbeltvinnade garner i 100% bomull. Skjortan har en modern spetsig krage, vikt knappsl\u00e5 framtill, manschetter med tv\u00e5 knappar och \u00e4r runt skuren nertill.","protected":false},"featured_media":56914,"template":"","meta":[],"product_cat":[2661,2674,2735],"product_tag":[],"acf":[],"lang":"se","translations":{"se":51579,"en":50799},"pll_sync_post":[],"_links":{"self":[{"href":"https:\/\/upgrade-q.tedbernhardtz.com\/atworkcollectionshop\/wp-json\/wp\/v2\/product\/51579"}],"collection":[{"href":"https:\/\/upgrade-q.tedbernhardtz.com\/atworkcollectionshop\/wp-json\/wp\/v2\/product"}],"about":[{"href":"https:\/\/upgrade-q.tedbernhardtz.com\/atworkcollectionshop\/wp-json\/wp\/v2\/types\/product"}],"wp:featuredmedia":[{"embeddable":true,"href":"https:\/\/upgrade-q.tedbernhardtz.com\/atworkcollectionshop\/wp-json\/wp\/v2\/media\/56914"}],"wp:attachment":[{"href":"https:\/\/upgrade-q.tedbernhardtz.com\/atworkcollectionshop\/wp-json\/wp\/v2\/media?parent=51579"}],"wp:term":[{"taxonomy":"product_cat","embeddable":true,"href":"https:\/\/upgrade-q.tedbernhardtz.com\/atworkcollectionshop\/wp-json\/wp\/v2\/product_cat?post=51579"},{"taxonomy":"product_tag","embeddable":true,"href":"https:\/\/upgrade-q.tedbernhardtz.com\/atworkcollectionshop\/wp-json\/wp\/v2\/product_tag?post=51579"}],"curies":[{"name":"wp","href":"https:\/\/api.w.org\/{rel}","templated":true}]}}